{"id":354,"date":"2020-01-04T20:52:05","date_gmt":"2020-01-04T20:52:05","guid":{"rendered":"http:\/\/allensteinlegal.com\/?page_id=354"},"modified":"2024-08-08T12:08:51","modified_gmt":"2024-08-08T12:08:51","slug":"datenschutzerklaerung","status":"publish","type":"page","link":"https:\/\/www.allenstein.de\/?page_id=354","title":{"rendered":"Datenschutz"},"content":{"rendered":"<p><a data-id-d=\"1\" data-img-style=\"\"><img loading=\"lazy\" decoding=\"async\" src=\"https:\/\/www.allenstein.de\/wp-content\/uploads\/2018\/09\/Logotransparent.gif\" height=\"190\" width=\"600\" alt=\"\" style=\"\"><\/img><\/a><\/p>\n<h2>Datenschutzerkl\u00e4rung<\/h2>\n<h2><em><span style=\"color: var(--tcb-color-6);\">Diese Datenschutzerkl\u00e4rung gilt f\u00fcr die Daten-verarbeitung durch die Kanzlei Allenstein<\/span><\/em><\/h2>\n<h4><strong>Aktualit\u00e4t und \u00c4nderung dieser Datenschutzerkl\u00e4rung<\/strong><\/h4>\n<p style=\"font-size: 14px !important;\">Diese Datenschutzerkl\u00e4rung Ist aktuell g\u00fcltig und hat den Sland Januar 2020. Durch die Weiterentwicklung unserer Website und Angebote dar\u00fcber oder aufgrund ge\u00e4nderter gesetzlicher beziehungsweise beh\u00f6rdlicher Vorgaben kann es notwendig werden, diese Datenschutzerkl\u00e4rung zu \u00e4ndern. Die jewells aktuelle Datenschutzerkl\u00e4rung kann Jederzeit hier abgerufen und ausgedruckt werden.<\/p>\n<p style=\"font-size: 14px !important;\">\n<h4><strong>Erhebung und Speicherung personenbezogener Daten sowie Art und Zweckder Verwendung<\/strong><\/h4>\n<p style=\"font-size: 14px !important;\">Beim Aufrufen der Website www.allensteinlegal.com werden durch den auf Ihrem Endger\u00e4t zum Einsatz kommenden Browser automatisch Informationen an den Server der Website gesendet. Diese Informationen werden tempor\u00e4r in einem sog. Logfile gespeichert. Folgende Informationen werden dabei ohne Ihr Zutun erfasst und bis zur automatisierten L\u00f6schung gespeichert:<\/p>\n<ul>\n<li style=\"font-size: 14px !important;\">IP-Adresse des anfragenden Rechners,<\/li>\n<li style=\"font-size: 14px !important;\">Datum und Uhrzeit des Zugriffs,<\/li>\n<li style=\"font-size: 14px !important;\">Name und URL der abgerufenen Datei,<\/li>\n<li style=\"font-size: 14px !important;\">Website, von der aus der Zugriff erfolgt (Referrer-URL),<\/li>\n<li style=\"font-size: 14px !important;\">verwendeter Browser und ggf. das Betriebssystem Ihres Rechnerssowie der Name Ihres Access-Providers.<\/li>\n<\/ul>\n<p style=\"font-size: 14px !important;\">Die genannten Daten werden durch uns zu folgenden Zwecken verarbeitet:<\/p>\n<ul>\n<li style=\"font-size: 14px !important;\">Gew\u00e4hrleistung eines reibungslosen Verbindungsaufbaus derWebsite,<\/li>\n<li style=\"font-size: 14px !important;\">Gew\u00e4hrleistung einer komfortablen Nutzung unserer Website,<\/li>\n<li style=\"font-size: 14px !important;\">Auswertung der Systemsicherheit und -stabilit\u00e4t sowie<\/li>\n<li style=\"font-size: 14px !important;\">zu weiteren administrativen Zwecken.<\/li>\n<\/ul>\n<p style=\"font-size: 14px !important;\">Die Rechtsgrundlage f\u00fcr die Datenver-arbeitung ist Art. 6 Abs. 1 S. 1 lit. f DSGVO.Unser berechtigtes Interesse folgt aus oben aufgelisteten Zwecken zur Datenerhebung. In keinem Fall verwenden wir die erhobenen Daten zu dem Zweck, R\u00fcckschl\u00fcsse auf Ihre Person zu ziehen.<\/p>\n<\/p>\n<h4><strong>Weitergabe von Daten<\/strong><\/h4>\n<p style=\"font-size: 14px !important;\">Einne \u00dcberrmittlung Ihrer pers\u00f6nlichen Daten an Dritte zu anderen als den im Folgenden aufgef\u00fchrten Zwecken findet nicht statt. Wir geben Ihre pers\u00f6nlichen Daten nur an Dritte weiter, wenn:<\/p>\n<ul>\n<li style=\"font-size: 14px !important;\">Sie Ihre nach Art. 6 Abs. 1 S. 1 lit. a DSGVO ausdr\u00fccklicheEinwilligung dazu erteilt haben,<\/li>\n<li style=\"font-size: 14px !important;\">die Weitergabe nach Art. 6 Abs. 1 S. 1 lit. f DSGVO zur Geltend-machung, Aus\u00fcbung oder Verteidigung von Rechtsan-spr\u00fcchen erforderlich ist und kein Grund zur Annahme besteht, dass Sie ein \u00fcberwiegendes schutz-w\u00fcrdiges Interesse an der Nichtweitergabe Ihrer Daten haben,<\/li>\n<li style=\"font-size: 14px !important;\">f\u00fcr den Fall, dass f\u00fcr die Weiter-gabe nach Art. 6 Abs. 1 S. 1 lit. cDSGVO eine gesetzliche Verpflichtung besteht, sowie<\/li>\n<li style=\"font-size: 14px !important;\">dies gesetzlich zul\u00e4ssig und nach Art. 6 Abs. 1 S. 1 lit. b DSGVO f\u00fcrdie Abwicklung von Vertrags-verh\u00e4ltnissen mit Ihnen erforderlich ist.<\/li>\n<\/ul>\n<p style=\"font-size: 14px !important;\">\n<h4><strong>Widerspruchsrecht<\/strong><\/h4>\n<p style=\"font-size: 14px !important;\">Sofern Ihre personenbezogenen Daten auf &nbsp;Grundlage von berechtigten Interessen gem\u00e4\u00df Art. 6 Abs. 1 S. 1 lit. f DSGVO verarbeitet werden, haben Sie das Recht, gem\u00e4\u00df Art. 21 DSGVO Widerspruch gegen die Verarbeitung Ihrer personenbezogenen Daten einzulegen, soweit daf\u00fcr Gr\u00fcnde vorliegen, die sich aus Ihrer besonderen Situation ergeben oder sich der Widerspruch gegen Direktwerbung richtet. Im letzteren Fall haben Sie ein generelles Wider-spruchsrecht, das ohne Angabe einer besonderen Situation von uns umgesetzt wird. M\u00f6chten Sie von Ihrem Widerrufs- oder Widerspruchsrecht Gebrauch machen, gen\u00fcgt eine E-Mail an die oben genannte Adresse.<\/p>\n<p style=\"font-size: 14px !important;\">\n<h4><strong>Datensicherheit<\/strong><\/h4>\n<p style=\"font-size: 14px !important;\">Wir bedienen uns geeigneter technischer und organisatorischer Sicherheitsma\u00dfnahmen, um Ihre Daten gegen zuf\u00e4llige oder vors\u00e4tzliche Manipulationen, teilweisen oder vollst\u00e4ndigen Verlust, Zerst\u00f6rung oder gegen den unbefugten Zugriff Dritter zu sch\u00fctzen. Unsere Sicherheitsma\u00dfnahmen werden entsprechend der technologischen Entwicklung fortlaufend verbessert.<\/p>\n<p style=\"font-size: 14px !important;\">\n<h4><strong>Betroffenenrechte<\/strong><\/h4>\n<p style=\"font-size: 14px !important;\">Sie haben das Recht:<\/p>\n<ul>\n<li style=\"font-size: 14px !important;\">gem\u00e4\u00df Art. 15 DSGVO Auskunft \u00fcber Ihre von uns verarbeiteten personenbezo-genen Daten zu verlangen. Insbesondere k\u00f6nnen Sie Auskunft \u00fcber die Ver-arbeitungszwecke, die Kategorie derpersonenbezogenen Daten, die Kategorien von Empf\u00e4ngern, gegen\u00fcber denen Ihre Daten offengelegt wurden oder werden, die geplante Speicherdauer, das Bestehen eines Rechts auf Berichtigung, L\u00f6schung, Einschr\u00e4nkung der Verarbeitung oderWiderspruch, das Bestehen einesBeschwerderechts, die Herkunft ihrer Daten, sofern diese nicht bei uns erhoben wurden, sowie \u00fcber das Bestehen einer automatisierten Entscheidungsfindungeinschlie\u00dflich Proflling und ggf. aussage-kr\u00e4ftigen Informationen zu deren Einzel-heiten verlangen;<\/li>\n<li style=\"font-size: 14px !important;\">gem\u00e4\u00df Art. 16 DSGVO unverz\u00fcglich die Berichtigung unrichtiger oder Vervoll-st\u00e4ndigung Ihrer bei uns gespeicherten personenbezogenen Daten zu verlangen;<\/li>\n<li style=\"font-size: 14px !important;\">gem\u00e4\u00df Art. 17 DSGVO die L\u00f6schung Ihrer bei uns gespeicherten personenbezogenen Daten zu verlangen, soweit nicht die Verarbeitung zur Aus\u00fcbung des Rechtsauf freie Meinungs\u00e4u\u00dferung und Information, zur Erf\u00fcllung einer rechtlichen Verpflichtung, aus Gr\u00fcnden des \u00f6ffent-lichen Interesses oder zur Geltend-machung, Aus\u00fcbung oder Verteidigung von Rechtsanspr\u00fcchen erforderlich ist;<\/li>\n<li style=\"font-size: 14px !important;\">gem\u00e4\u00df Art. 18 DSGVO die Einschr\u00e4nkung der Verarbeitung Ihrer ersonenbezogenen Daten zu verlangen, soweit die Richtigkeit der Daten von Ihnen bestritten wird, die Verarbeitung unrechtm\u00e4\u00dfig ist, Sie aber deren L\u00f6schung ablehnen und wir dieDaten nicht mehr ben\u00f6tigen, Sie jedoch diese zur Geltendmachung, Aus\u00fcbung oder Verteidigung von Rechtsanspr\u00fcchen ben\u00f6tigen oder Sie gem\u00e4\u00df Art. 21 DSGVO Widerspruch gegen die Verarbeitung eingelegt haben;<\/li>\n<li style=\"font-size: 14px !important;\">gem\u00e4\u00df Art. 20 DSGVO Ihre personenbezogenen Daten, die Sie uns bereitgestellt haben, in einem strukturierten, g\u00e4ngigen und maschinenlesebaren Format zu erhalten oder die \u00dcbermittlung aneinen anderen Verantwortlichen zu verlangen;<\/li>\n<li style=\"font-size: 14px !important;\">gem\u00e4\u00df Art. 7 Abs. 3 DSGVO Ihre einmal erteilte Einwilligung jederzeit gegen\u00fcber uns zu widerrufen. Dies hat zur Folge, dass wir die Datenverarbeitung, die auf dieser Einwilligung beruhte, f\u00fcr die Zukunft nicht mehr fortf\u00fchren d\u00fcrfen und<\/li>\n<li style=\"font-size: 14px !important;\">gem\u00e4\u00df Art. 77 DSGVO sich bei einer Aufsichtsbeh\u00f6rde zu beschweren. In der Regel k\u00f6nnen Sie sich hierf\u00fcr an die Aufsichtsbeh\u00f6rde Ihres \u00fcblichen Aufent-haltsortes oder Arbeitsplatzes oder des Kanzleisitzes wenden.<\/li>\n<\/ul>\n<h2>Kontakt<\/h2>\n<p>Wenn Sie rechtlichen oder steuerlichen Rat ben\u00f6tigen, kontaktieren Sie die Kanzlei Rechtsanwalt Allenstein in Berlin (Charlottenburg).<\/p>\n<\/p>\n<p><strong>Markus Roland Allenstein <\/strong>Rechtsanwalt<\/p>\n<p>Fachanwalt f\u00fcr Steuerrecht<\/p>\n<\/p>\n<p>Schillerstra\u00dfe 5<\/p>\n<p>10625 Berlin (Charlottenburg)<\/p>\n<\/p>\n<p style=\"font-size: 14px !important;\">Fon <a href=\"tel:+49%2030%2041745118\" dir=\"ltr\" style=\"color: currentcolor; text-decoration-color: rgba(128, 128, 128, 0.38); outline: none;\" x-apple-data-detectors=\"true\" x-apple-data-detectors-type=\"telephone\" x-apple-data-detectors-result=\"3\/0\">+49 30 41745118<\/a><\/p>\n<p style=\"font-size: 14px !important;\">Fax <a href=\"tel:+49%2030%2041745119\" dir=\"ltr\" style=\"color: currentcolor; text-decoration-color: rgba(128, 128, 128, 0.38); outline: none;\" x-apple-data-detectors=\"true\" x-apple-data-detectors-type=\"telephone\" x-apple-data-detectors-result=\"3\/1\">+49 30 41745119<\/a><\/p>\n<p style=\"font-size: 14px !important;\">Mail rechtsanwalt@allenstein.de<\/p>\n<p>\u00a9 2024 Rechtsanwalt Allenstein &nbsp; &nbsp;<\/p>\n<p><a href=\"http:\/\/www.allenstein.de\/?page_id=360\" style=\"outline: currentcolor none medium;\">Impressum<\/a><\/p>\n<p><a href=\"http:\/\/www.allenstein.de\/?page_id=354\" style=\"outline: none;\">Datenschutz<\/a><\/p>\n","protected":false},"excerpt":{"rendered":"<p>Datenschutzerkl\u00e4rung Diese Datenschutzerkl\u00e4rung gilt f\u00fcr die Daten-verarbeitung durch die Kanzlei Allenstein Aktualit\u00e4t und \u00c4nderung dieser Datenschutzerkl\u00e4rung Diese Datenschutzerkl\u00e4rung Ist aktuell g\u00fcltig und hat den Sland Januar 2020. Durch die Weiterentwicklung unserer Website und Angebote dar\u00fcber oder aufgrund ge\u00e4nderter gesetzlicher beziehungsweise beh\u00f6rdlicher Vorgaben kann es notwendig werden, diese Datenschutzerkl\u00e4rung zu \u00e4ndern. Die jewells aktuelle Datenschutzerkl\u00e4rung kann&#8230;<\/p>\n","protected":false},"author":1,"featured_media":0,"parent":0,"menu_order":0,"comment_status":"closed","ping_status":"closed","template":"","meta":{"footnotes":""},"class_list":["post-354","page","type-page","status-publish","hentry"],"_links":{"self":[{"href":"https:\/\/www.allenstein.de\/index.php?rest_route=\/wp\/v2\/pages\/354"}],"collection":[{"href":"https:\/\/www.allenstein.de\/index.php?rest_route=\/wp\/v2\/pages"}],"about":[{"href":"https:\/\/www.allenstein.de\/index.php?rest_route=\/wp\/v2\/types\/page"}],"author":[{"embeddable":true,"href":"https:\/\/www.allenstein.de\/index.php?rest_route=\/wp\/v2\/users\/1"}],"replies":[{"embeddable":true,"href":"https:\/\/www.allenstein.de\/index.php?rest_route=%2Fwp%2Fv2%2Fcomments&post=354"}],"version-history":[{"count":24,"href":"https:\/\/www.allenstein.de\/index.php?rest_route=\/wp\/v2\/pages\/354\/revisions"}],"predecessor-version":[{"id":630,"href":"https:\/\/www.allenstein.de\/index.php?rest_route=\/wp\/v2\/pages\/354\/revisions\/630"}],"wp:attachment":[{"href":"https:\/\/www.allenstein.de\/index.php?rest_route=%2Fwp%2Fv2%2Fmedia&parent=354"}],"curies":[{"name":"wp","href":"https:\/\/api.w.org\/{rel}","templated":true}]}}